{"id":1753,"date":"2024-01-04T00:17:40","date_gmt":"2024-01-04T00:17:40","guid":{"rendered":"https:\/\/amba.org.uy\/a\/?page_id=1753"},"modified":"2024-09-12T01:39:42","modified_gmt":"2024-09-12T01:39:42","slug":"proyecto-carape","status":"publish","type":"page","link":"https:\/\/amba.org.uy\/a\/programas\/proyecto-carape\/","title":{"rendered":"Proyecto Carap\u00e9"},"content":{"rendered":"<p><div class=\"fusion-bg-parallax\" data-bg-align=\"center top\" data-direction=\"down\" data-mute=\"false\" data-opacity=\"100\" data-velocity=\"-0.3\" data-mobile-enabled=\"false\" data-break_parents=\"0\" data-bg-image=\"https:\/\/amba.org.uy\/a\/wp-content\/uploads\/2024\/01\/paisajes-sierras_BMR_Marcos-Mendizabal-12.jpg\" data-bg-repeat=\"false\" ><\/div><div class=\"fusion-fullwidth fullwidth-box fusion-builder-row-1 fusion-flex-container has-pattern-background has-mask-background fusion-parallax-down hundred-percent-fullwidth non-hundred-percent-height-scrolling\" style=\"--awb-background-position:center top;--awb-border-sizes-top:13PX;--awb-border-sizes-bottom:13PX;--awb-border-radius-top-left:0px;--awb-border-radius-top-right:0px;--awb-border-radius-bottom-right:0px;--awb-border-radius-bottom-left:0px;--awb-padding-top:200px;--awb-padding-bottom:200px;--awb-margin-top:0px;--awb-margin-bottom:0px;--awb-background-image:url(&quot;https:\/\/amba.org.uy\/a\/wp-content\/uploads\/2024\/01\/paisajes-sierras_BMR_Marcos-Mendizabal-12.jpg&quot;);--awb-background-size:cover;--awb-flex-wrap:wrap;\" ><div class=\"fusion-builder-row fusion-row fusion-flex-align-items-center fusion-flex-content-wrap\" style=\"width:104% !important;max-width:104% !important;margin-left: calc(-4% \/ 2 );margin-right: calc(-4% \/ 2 );\"><div class=\"fusion-layout-column fusion_builder_column fusion-builder-column-0 fusion_builder_column_1_1 1_1 fusion-flex-column fusion-flex-align-self-center\" style=\"--awb-z-index:40;--awb-padding-top-small:0px;--awb-padding-bottom-small:0px;--awb-bg-size:cover;--awb-width-large:100%;--awb-margin-top-large:0px;--awb-spacing-right-large:1.92%;--awb-margin-bottom-large:20px;--awb-spacing-left-large:1.92%;--awb-width-medium:100%;--awb-order-medium:0;--awb-spacing-right-medium:1.92%;--awb-spacing-left-medium:1.92%;--awb-width-small:100%;--awb-order-small:0;--awb-spacing-right-small:1.92%;--awb-spacing-left-small:1.92%;\"><div class=\"fusion-column-wrapper fusion-column-has-shadow fusion-flex-justify-content-center fusion-content-layout-column\"><div class=\"fusion-title title fusion-title-1 fusion-sep-none fusion-title-center fusion-title-text fusion-title-size-one\" style=\"--awb-text-color:#ffffff;--awb-margin-top-small:0px;--awb-margin-right-small:0px;--awb-margin-bottom-small:20px;--awb-margin-left-small:0px;--awb-sep-color:#569e3a;--awb-font-size:40px;\"><h1 class=\"fusion-title-heading title-heading-center\" style=\"margin:0;text-transform:uppercase;font-size:1em;\">PROYECTO  CARAP\u00c9<\/h1><\/div><\/div><\/div><\/div><\/div><div class=\"fusion-fullwidth fullwidth-box fusion-builder-row-2 nonhundred-percent-fullwidth non-hundred-percent-height-scrolling fusion-equal-height-columns\" style=\"--awb-border-radius-top-left:0px;--awb-border-radius-top-right:0px;--awb-border-radius-bottom-right:0px;--awb-border-radius-bottom-left:0px;--awb-flex-wrap:wrap;\" ><div class=\"fusion-builder-row fusion-row\"><div class=\"fusion-layout-column fusion_builder_column fusion-builder-column-1 fusion_builder_column_1_1 1_1 fusion-one-full fusion-column-first fusion-column-last\" style=\"--awb-padding-top:31px;--awb-bg-size:cover;\"><div class=\"fusion-column-wrapper fusion-column-has-shadow fusion-flex-column-wrapper-legacy\"><div class=\"fusion-column-content-centered\"><div class=\"fusion-column-content\"><div class=\"fusion-title title fusion-title-2 sep-underline sep-dotted fusion-title-text fusion-title-size-one\" style=\"--awb-text-color:#569e3a;--awb-margin-top:30px;--awb-margin-bottom:30px;--awb-margin-top-small:30px;--awb-margin-right-small:0px;--awb-margin-bottom-small:30px;--awb-margin-left-small:0px;--awb-sep-color:#569e3a;\"><h1 class=\"fusion-title-heading title-heading-left\" style=\"margin:0;\">\u00bfQU\u00c9 ES?<\/h1><\/div><div class=\"fusion-builder-row fusion-builder-row-inner fusion-row\"><div class=\"fusion-layout-column fusion_builder_column_inner fusion-builder-nested-column-0 fusion_builder_column_inner_2_5 2_5 fusion-two-fifth fusion-column-first fusion-column-no-min-height\" style=\"--awb-padding-top:35px;--awb-padding-right:35px;--awb-padding-bottom:35px;--awb-padding-left:35px;--awb-overflow:hidden;--awb-bg-color:rgba(86,158,58,0.9);--awb-bg-color-hover:rgba(86,158,58,0.9);--awb-bg-position:center center;--awb-bg-repeat:repeat;--awb-border-color:var(--awb-color5);--awb-border-top:0;--awb-border-right:0;--awb-border-bottom:0;--awb-border-left:0;--awb-border-style:solid;--awb-border-radius:5px 5px 5px 5px;--awb-margin-bottom:0px;width:40%;width:calc(40% - ( ( 0% ) * 0.4 ) );margin-right: 0%;\"><div class=\"fusion-column-wrapper fusion-column-has-shadow fusion-flex-column-wrapper-legacy\"><div class=\"fusion-column-content-centered\"><div class=\"fusion-column-content\"><div class=\"fusion-title title fusion-title-3 fusion-sep-none fusion-title-text fusion-title-size-two\" style=\"--awb-text-color:#ffffff;--awb-margin-bottom:20px;--awb-margin-top-small:0px;--awb-margin-right-small:0px;--awb-margin-bottom-small:20px;--awb-margin-left-small:0px;--awb-font-size:18px;\"><h2 class=\"fusion-title-heading title-heading-left\" style=\"margin:0;font-size:1em;\">El proyecto Carap\u00e9 es una iniciativa que busca preservar un patrimonio natural \u00fanico, asegurando la integridad ecosist\u00e9mica a gran escala, y potenciar modelos de desarrollo basados en la conservaci\u00f3n de la naturaleza y la identidad local.<br \/>La zona denominada Sierras de Carap\u00e9, que incluye los departamentos de Rocha y Maldonado, alberga una importante cantidad de valores para la biodiversidad nacional, la integridad ecosist\u00e9mica a gran escala, as\u00ed como la continuidad de paisajes y de corredores biol\u00f3gicos.<\/h2><\/div><\/div><\/div><div class=\"fusion-clearfix\"><\/div><\/div><\/div><div class=\"fusion-layout-column fusion_builder_column_inner fusion-builder-nested-column-1 fusion_builder_column_inner_3_5 3_5 fusion-three-fifth fusion-column-last\" style=\"--awb-padding-top:25px;--awb-padding-right:42px;--awb-padding-left:28px;--awb-bg-size:cover;--awb-margin-bottom:30px;width:60%;width:calc(60% - ( ( 0% ) * 0.6 ) );\"><div class=\"fusion-column-wrapper fusion-column-has-shadow fusion-flex-column-wrapper-legacy\"><div class=\"fusion-column-content-centered\"><div class=\"fusion-column-content\"><div class=\"fusion-text fusion-text-1\" style=\"--awb-font-size:18px;\"><p>La premisa fundamental de este proyecto es impulsar una reconexi\u00f3n ecol\u00f3gica promovida por un compromiso con la conservaci\u00f3n y restauraci\u00f3n de los ecosistemas como base para el desarrollo sostenible de comunidades locales y econom\u00edas regenerativas.<\/p>\n<p>Esta zona representa un ecosistema de valor excepcional para Uruguay, con un 12% de monte nativo (siendo la media nacional de un 5%) y una biodiversidad \u00fanica que alberga especies prioritarias para la conservaci\u00f3n, como la yerba mate, el drag\u00f3n o el margay. Las cuencas que recorren el paisaje, adem\u00e1s de ser muy significativas para las comunidades locales ya que las abastecen con agua potable, ba\u00f1an las \u00e1reas protegidas de las dos lagunas costeras, las cuales custodian celosamente una de las zonas con mayor biodiversidad del pa\u00eds.<\/p>\n<\/div><\/div><\/div><div class=\"fusion-clearfix\"><\/div><\/div><\/div><\/div><\/div><\/div><div class=\"fusion-clearfix\"><\/div><\/div><\/div><\/div><\/div><div class=\"fusion-fullwidth fullwidth-box fusion-builder-row-3 fusion-parallax-fixed hundred-percent-fullwidth non-hundred-percent-height-scrolling\" style=\"--awb-background-position:right top;--awb-border-sizes-top:13px;--awb-border-sizes-bottom:13px;--awb-border-sizes-left:0px;--awb-border-sizes-right:0px;--awb-border-radius-top-left:0px;--awb-border-radius-top-right:0px;--awb-border-radius-bottom-right:0px;--awb-border-radius-bottom-left:0px;--awb-padding-top:200px;--awb-padding-bottom:200px;--awb-background-image:url(&quot;https:\/\/amba.org.uy\/a\/wp-content\/uploads\/2024\/01\/lagarto_FELIPE-VICTORICA_FELIPE-VICTORICA.jpg&quot;);--awb-background-size:cover;--awb-flex-wrap:wrap;background-attachment:fixed;\" ><div class=\"fusion-builder-row fusion-row\"><div class=\"fusion-layout-column fusion_builder_column fusion-builder-column-2 fusion_builder_column_1_1 1_1 fusion-one-full fusion-column-first fusion-column-last\" style=\"--awb-bg-blend:overlay;--awb-bg-size:cover;\"><div class=\"fusion-column-wrapper fusion-column-has-shadow fusion-flex-column-wrapper-legacy\"><div class=\"fusion-clearfix\"><\/div><\/div><\/div><\/div><\/div><div class=\"fusion-fullwidth fullwidth-box fusion-builder-row-4 nonhundred-percent-fullwidth non-hundred-percent-height-scrolling fusion-equal-height-columns\" style=\"--awb-border-radius-top-left:0px;--awb-border-radius-top-right:0px;--awb-border-radius-bottom-right:0px;--awb-border-radius-bottom-left:0px;--awb-padding-top:45px;--awb-padding-bottom:0px;--awb-margin-top:0px;--awb-margin-bottom:61px;--awb-flex-wrap:wrap;\" ><div class=\"fusion-builder-row fusion-row\"><div class=\"fusion-layout-column fusion_builder_column fusion-builder-column-3 fusion_builder_column_1_1 1_1 fusion-one-full fusion-column-first fusion-column-last fusion-column-no-min-height\" style=\"--awb-bg-size:cover;\"><div class=\"fusion-column-wrapper fusion-column-has-shadow fusion-flex-column-wrapper-legacy\"><div class=\"fusion-title title fusion-title-4 sep-underline sep-dotted fusion-title-text fusion-title-size-one\" style=\"--awb-text-color:#569e3a;--awb-margin-bottom:0px;--awb-margin-top-small:0px;--awb-margin-right-small:0px;--awb-margin-left-small:0px;--awb-sep-color:#569e3a;\"><h1 class=\"fusion-title-heading title-heading-left\" style=\"margin:0;text-transform:uppercase;\">\u00bfCu\u00e1l es el objetivo del proyecto Carap\u00e9?<\/h1><\/div><div class=\"fusion-clearfix\"><\/div><\/div><\/div><div class=\"fusion-layout-column fusion_builder_column fusion-builder-column-4 fusion_builder_column_1_2 1_2 fusion-one-half fusion-column-first\" style=\"--awb-bg-size:cover;width:50%;width:calc(50% - ( ( 4% ) * 0.5 ) );margin-right: 4%;\"><div class=\"fusion-column-wrapper fusion-column-has-shadow fusion-flex-column-wrapper-legacy\"><div class=\"fusion-text fusion-text-2\" style=\"--awb-font-size:18px;\"><p>Se busca impulsar una gran \u00e1rea de inter\u00e9s para la conservaci\u00f3n, bajo nuevas figuras, y ampliar el territorio protegido que rodea a las \u00e1reas protegidas existentes, en base a herramientas como la creaci\u00f3n de reservas departamentales, reservas privadas y otros. Colaboramos con el gobierno nacional, departamental, municipal, ONGs y asociaciones locales para mejorar la gestio\u0301n de las a\u0301reas<\/p>\n<\/div><div class=\"fusion-clearfix\"><\/div><\/div><\/div><div class=\"fusion-layout-column fusion_builder_column fusion-builder-column-5 fusion_builder_column_1_2 1_2 fusion-one-half fusion-column-last\" style=\"--awb-bg-size:cover;width:50%;width:calc(50% - ( ( 4% ) * 0.5 ) );\"><div class=\"fusion-column-wrapper fusion-column-has-shadow fusion-flex-column-wrapper-legacy\"><div class=\"fusion-text fusion-text-3\" style=\"--awb-font-size:18px;\"><div>protegidas de la regio\u0301n y el \u00e1rea de inter\u00e9s para la conservaci\u00f3n de las cuencas de la laguna de Rocha y laguna Garz\u00f3n.<\/div>\n<div><\/div>\n<div class=\"gmail_default\">Tambi\u00e9n trabajamos para estimular las posibilidades de las comunidades locales, dando valor a la cultura regenerativa y la tradici\u00f3n local, el turismo de naturaleza y la generaci\u00f3n de econom\u00edas restaurativas.<\/div>\n<div class=\"gmail_default\"><\/div>\n<\/div><div class=\"fusion-clearfix\"><\/div><\/div><\/div><\/div><\/div><\/p>\n","protected":false},"excerpt":{"rendered":"","protected":false},"author":2,"featured_media":0,"parent":201,"menu_order":0,"comment_status":"closed","ping_status":"closed","template":"100-width.php","meta":{"footnotes":""},"_links":{"self":[{"href":"https:\/\/amba.org.uy\/a\/wp-json\/wp\/v2\/pages\/1753"}],"collection":[{"href":"https:\/\/amba.org.uy\/a\/wp-json\/wp\/v2\/pages"}],"about":[{"href":"https:\/\/amba.org.uy\/a\/wp-json\/wp\/v2\/types\/page"}],"author":[{"embeddable":true,"href":"https:\/\/amba.org.uy\/a\/wp-json\/wp\/v2\/users\/2"}],"replies":[{"embeddable":true,"href":"https:\/\/amba.org.uy\/a\/wp-json\/wp\/v2\/comments?post=1753"}],"version-history":[{"count":20,"href":"https:\/\/amba.org.uy\/a\/wp-json\/wp\/v2\/pages\/1753\/revisions"}],"predecessor-version":[{"id":1976,"href":"https:\/\/amba.org.uy\/a\/wp-json\/wp\/v2\/pages\/1753\/revisions\/1976"}],"up":[{"embeddable":true,"href":"https:\/\/amba.org.uy\/a\/wp-json\/wp\/v2\/pages\/201"}],"wp:attachment":[{"href":"https:\/\/amba.org.uy\/a\/wp-json\/wp\/v2\/media?parent=1753"}],"curies":[{"name":"wp","href":"https:\/\/api.w.org\/{rel}","templated":true}]}}

Proyecto Carapé

<p><div class="fusion-bg-parallax" data-bg-align="center top" data-direction="down" data-mute="false" data-opacity="100" data-velocity="-0.3" data-mobile-enabled="false" data-break_parents="0" data-bg-image="https://amba.org.uy/a/wp-content/uploads/2024/01/paisajes-sierras_BMR_Marcos-Mendizabal-12.jpg" data-bg-repeat="false" ></div><div class="fusion-fullwidth fullwidth-box fusion-builder-row-1 fusion-flex-container has-pattern-background has-mask-background fusion-parallax-down hundred-percent-fullwidth non-hundred-percent-height-scrolling" style="--awb-background-position:center top;--awb-border-sizes-top:13PX;--awb-border-sizes-bottom:13PX;--awb-border-radius-top-left:0px;--awb-border-radius-top-right:0px;--awb-border-radius-bottom-right:0px;--awb-border-radius-bottom-left:0px;--awb-padding-top:200px;--awb-padding-bottom:200px;--awb-margin-top:0px;--awb-margin-bottom:0px;--awb-background-image:url(&quot;https://amba.org.uy/a/wp-content/uploads/2024/01/paisajes-sierras_BMR_Marcos-Mendizabal-12.jpg&quot;);--awb-background-size:cover;--awb-flex-wrap:wrap;" ><div class="fusion-builder-row fusion-row fusion-flex-align-items-center fusion-flex-content-wrap" style="width:104% !important;max-width:104% !important;margin-left: calc(-4% / 2 );margin-right: calc(-4% / 2 );"><div class="fusion-layout-column fusion_builder_column fusion-builder-column-0 fusion_builder_column_1_1 1_1 fusion-flex-column fusion-flex-align-self-center" style="--awb-z-index:40;--awb-padding-top-small:0px;--awb-padding-bottom-small:0px;--awb-bg-size:cover;--awb-width-large:100%;--awb-margin-top-large:0px;--awb-spacing-right-large:1.92%;--awb-margin-bottom-large:20px;--awb-spacing-left-large:1.92%;--awb-width-medium:100%;--awb-order-medium:0;--awb-spacing-right-medium:1.92%;--awb-spacing-left-medium:1.92%;--awb-width-small:100%;--awb-order-small:0;--awb-spacing-right-small:1.92%;--awb-spacing-left-small:1.92%;"><div class="fusion-column-wrapper fusion-column-has-shadow fusion-flex-justify-content-center fusion-content-layout-column"><div class="fusion-title title fusion-title-1 fusion-sep-none fusion-title-center fusion-title-text fusion-title-size-one" style="--awb-text-color:#ffffff;--awb-margin-top-small:0px;--awb-margin-right-small:0px;--awb-margin-bottom-small:20px;--awb-margin-left-small:0px;--awb-sep-color:#569e3a;--awb-font-size:40px;"><h1 class="fusion-title-heading title-heading-center" style="margin:0;text-transform:uppercase;font-size:1em;">PROYECTO  CARAPÉ</h1></div></div></div></div></div><div class="fusion-fullwidth fullwidth-box fusion-builder-row-2 nonhundred-percent-fullwidth non-hundred-percent-height-scrolling fusion-equal-height-columns" style="--awb-border-radius-top-left:0px;--awb-border-radius-top-right:0px;--awb-border-radius-bottom-right:0px;--awb-border-radius-bottom-left:0px;--awb-flex-wrap:wrap;" ><div class="fusion-builder-row fusion-row"><div class="fusion-layout-column fusion_builder_column fusion-builder-column-1 fusion_builder_column_1_1 1_1 fusion-one-full fusion-column-first fusion-column-last" style="--awb-padding-top:31px;--awb-bg-size:cover;"><div class="fusion-column-wrapper fusion-column-has-shadow fusion-flex-column-wrapper-legacy"><div class="fusion-column-content-centered"><div class="fusion-column-content"><div class="fusion-title title fusion-title-2 sep-underline sep-dotted fusion-title-text fusion-title-size-one" style="--awb-text-color:#569e3a;--awb-margin-top:30px;--awb-margin-bottom:30px;--awb-margin-top-small:30px;--awb-margin-right-small:0px;--awb-margin-bottom-small:30px;--awb-margin-left-small:0px;--awb-sep-color:#569e3a;"><h1 class="fusion-title-heading title-heading-left" style="margin:0;">¿QUÉ ES?</h1></div><div class="fusion-builder-row fusion-builder-row-inner fusion-row"><div class="fusion-layout-column fusion_builder_column_inner fusion-builder-nested-column-0 fusion_builder_column_inner_2_5 2_5 fusion-two-fifth fusion-column-first fusion-column-no-min-height" style="--awb-padding-top:35px;--awb-padding-right:35px;--awb-padding-bottom:35px;--awb-padding-left:35px;--awb-overflow:hidden;--awb-bg-color:rgba(86,158,58,0.9);--awb-bg-color-hover:rgba(86,158,58,0.9);--awb-bg-position:center center;--awb-bg-repeat:repeat;--awb-border-color:var(--awb-color5);--awb-border-top:0;--awb-border-right:0;--awb-border-bottom:0;--awb-border-left:0;--awb-border-style:solid;--awb-border-radius:5px 5px 5px 5px;--awb-margin-bottom:0px;width:40%;width:calc(40% - ( ( 0% ) * 0.4 ) );margin-right: 0%;"><div class="fusion-column-wrapper fusion-column-has-shadow fusion-flex-column-wrapper-legacy"><div class="fusion-column-content-centered"><div class="fusion-column-content"><div class="fusion-title title fusion-title-3 fusion-sep-none fusion-title-text fusion-title-size-two" style="--awb-text-color:#ffffff;--awb-margin-bottom:20px;--awb-margin-top-small:0px;--awb-margin-right-small:0px;--awb-margin-bottom-small:20px;--awb-margin-left-small:0px;--awb-font-size:18px;"><h2 class="fusion-title-heading title-heading-left" style="margin:0;font-size:1em;">El proyecto Carapé es una iniciativa que busca preservar un patrimonio natural único, asegurando la integridad ecosistémica a gran escala, y potenciar modelos de desarrollo basados en la conservación de la naturaleza y la identidad local.<br />La zona denominada Sierras de Carapé, que incluye los departamentos de Rocha y Maldonado, alberga una importante cantidad de valores para la biodiversidad nacional, la integridad ecosistémica a gran escala, así como la continuidad de paisajes y de corredores biológicos.</h2></div></div></div><div class="fusion-clearfix"></div></div></div><div class="fusion-layout-column fusion_builder_column_inner fusion-builder-nested-column-1 fusion_builder_column_inner_3_5 3_5 fusion-three-fifth fusion-column-last" style="--awb-padding-top:25px;--awb-padding-right:42px;--awb-padding-left:28px;--awb-bg-size:cover;--awb-margin-bottom:30px;width:60%;width:calc(60% - ( ( 0% ) * 0.6 ) );"><div class="fusion-column-wrapper fusion-column-has-shadow fusion-flex-column-wrapper-legacy"><div class="fusion-column-content-centered"><div class="fusion-column-content"><div class="fusion-text fusion-text-1" style="--awb-font-size:18px;"><p>La premisa fundamental de este proyecto es impulsar una reconexión ecológica promovida por un compromiso con la conservación y restauración de los ecosistemas como base para el desarrollo sostenible de comunidades locales y economías regenerativas.</p>
<p>Esta zona representa un ecosistema de valor excepcional para Uruguay, con un 12% de monte nativo (siendo la media nacional de un 5%) y una biodiversidad única que alberga especies prioritarias para la conservación, como la yerba mate, el dragón o el margay. Las cuencas que recorren el paisaje, además de ser muy significativas para las comunidades locales ya que las abastecen con agua potable, bañan las áreas protegidas de las dos lagunas costeras, las cuales custodian celosamente una de las zonas con mayor biodiversidad del país.</p>
</div></div></div><div class="fusion-clearfix"></div></div></div></div></div></div><div class="fusion-clearfix"></div></div></div></div></div><div class="fusion-fullwidth fullwidth-box fusion-builder-row-3 fusion-parallax-fixed hundred-percent-fullwidth non-hundred-percent-height-scrolling" style="--awb-background-position:right top;--awb-border-sizes-top:13px;--awb-border-sizes-bottom:13px;--awb-border-sizes-left:0px;--awb-border-sizes-right:0px;--awb-border-radius-top-left:0px;--awb-border-radius-top-right:0px;--awb-border-radius-bottom-right:0px;--awb-border-radius-bottom-left:0px;--awb-padding-top:200px;--awb-padding-bottom:200px;--awb-background-image:url(&quot;https://amba.org.uy/a/wp-content/uploads/2024/01/lagarto_FELIPE-VICTORICA_FELIPE-VICTORICA.jpg&quot;);--awb-background-size:cover;--awb-flex-wrap:wrap;background-attachment:fixed;" ><div class="fusion-builder-row fusion-row"><div class="fusion-layout-column fusion_builder_column fusion-builder-column-2 fusion_builder_column_1_1 1_1 fusion-one-full fusion-column-first fusion-column-last" style="--awb-bg-blend:overlay;--awb-bg-size:cover;"><div class="fusion-column-wrapper fusion-column-has-shadow fusion-flex-column-wrapper-legacy"><div class="fusion-clearfix"></div></div></div></div></div><div class="fusion-fullwidth fullwidth-box fusion-builder-row-4 nonhundred-percent-fullwidth non-hundred-percent-height-scrolling fusion-equal-height-columns" style="--awb-border-radius-top-left:0px;--awb-border-radius-top-right:0px;--awb-border-radius-bottom-right:0px;--awb-border-radius-bottom-left:0px;--awb-padding-top:45px;--awb-padding-bottom:0px;--awb-margin-top:0px;--awb-margin-bottom:61px;--awb-flex-wrap:wrap;" ><div class="fusion-builder-row fusion-row"><div class="fusion-layout-column fusion_builder_column fusion-builder-column-3 fusion_builder_column_1_1 1_1 fusion-one-full fusion-column-first fusion-column-last fusion-column-no-min-height" style="--awb-bg-size:cover;"><div class="fusion-column-wrapper fusion-column-has-shadow fusion-flex-column-wrapper-legacy"><div class="fusion-title title fusion-title-4 sep-underline sep-dotted fusion-title-text fusion-title-size-one" style="--awb-text-color:#569e3a;--awb-margin-bottom:0px;--awb-margin-top-small:0px;--awb-margin-right-small:0px;--awb-margin-left-small:0px;--awb-sep-color:#569e3a;"><h1 class="fusion-title-heading title-heading-left" style="margin:0;text-transform:uppercase;">¿Cuál es el objetivo del proyecto Carapé?</h1></div><div class="fusion-clearfix"></div></div></div><div class="fusion-layout-column fusion_builder_column fusion-builder-column-4 fusion_builder_column_1_2 1_2 fusion-one-half fusion-column-first" style="--awb-bg-size:cover;width:50%;width:calc(50% - ( ( 4% ) * 0.5 ) );margin-right: 4%;"><div class="fusion-column-wrapper fusion-column-has-shadow fusion-flex-column-wrapper-legacy"><div class="fusion-text fusion-text-2" style="--awb-font-size:18px;"><p>Se busca impulsar una gran área de interés para la conservación, bajo nuevas figuras, y ampliar el territorio protegido que rodea a las áreas protegidas existentes, en base a herramientas como la creación de reservas departamentales, reservas privadas y otros. Colaboramos con el gobierno nacional, departamental, municipal, ONGs y asociaciones locales para mejorar la gestión de las áreas</p>
</div><div class="fusion-clearfix"></div></div></div><div class="fusion-layout-column fusion_builder_column fusion-builder-column-5 fusion_builder_column_1_2 1_2 fusion-one-half fusion-column-last" style="--awb-bg-size:cover;width:50%;width:calc(50% - ( ( 4% ) * 0.5 ) );"><div class="fusion-column-wrapper fusion-column-has-shadow fusion-flex-column-wrapper-legacy"><div class="fusion-text fusion-text-3" style="--awb-font-size:18px;"><div>protegidas de la región y el área de interés para la conservación de las cuencas de la laguna de Rocha y laguna Garzón.</div>
<div></div>
<div class="gmail_default">También trabajamos para estimular las posibilidades de las comunidades locales, dando valor a la cultura regenerativa y la tradición local, el turismo de naturaleza y la generación de economías restaurativas.</div>
<div class="gmail_default"></div>
</div><div class="fusion-clearfix"></div></div></div></div></div></p>
